{"id":1753,"date":"2021-05-26T21:18:01","date_gmt":"2021-05-26T19:18:01","guid":{"rendered":"https:\/\/leifgottwald.de\/?page_id=1753"},"modified":"2021-05-30T21:29:22","modified_gmt":"2021-05-30T19:29:22","slug":"1753-2","status":"publish","type":"page","link":"https:\/\/leifgottwald.de\/index.php\/1753-2\/","title":{"rendered":"IMPRINT"},"content":{"rendered":"<div class=\"wpb-content-wrapper\"><p>[vc_row full_width=&#8221;stretch_row_content&#8221; full_height=&#8221;yes&#8221; css=&#8221;.vc_custom_1622061198473{background-color: #000000 !important;}&#8221;][vc_column][vc_column_text]<\/p>\n<p style=\"text-align: left;\"><span style=\"color: #ffffff;\">DISCLAIMER \u2013 RECHTLICHE HINWEISE<\/span><\/p>\n<p style=\"text-align: left;\"><span style=\"color: #ffffff;\">\u00a7 1 WARNHINWEIS ZU INHALTEN<\/span><br \/>\n<span style=\"color: #ffffff;\">DIE KOSTENLOSEN UND FREI ZUG\u00c4NGLICHEN INHALTE DIESER WEBSEITE WURDEN MIT GR\u00d6SSTM\u00d6GLICHER SORGFALT ERSTELLT. DER ANBIETER DIESER WEBSEITE \u00dcBERNIMMT JEDOCH KEINE GEW\u00c4HR F\u00dcR DIE RICHTIGKEIT UND AKTUALIT\u00c4T DER BEREITGESTELLTEN KOSTENLOSEN UND FREI ZUG\u00c4NGLICHEN JOURNALISTISCHEN RATGEBER UND NACHRICHTEN. NAMENTLICH GEKENNZEICHNETE BEITR\u00c4GE GEBEN DIE MEINUNG DES JEWEILIGEN AUTORS UND NICHT IMMER DIE MEINUNG DES ANBIETERS WIEDER. ALLEIN DURCH DEN AUFRUF DER KOSTENLOSEN UND FREI ZUG\u00c4NGLICHEN INHALTE KOMMT KEINERLEI VERTRAGSVERH\u00c4LTNIS ZWISCHEN DEM NUTZER UND DEM ANBIETER ZUSTANDE, INSOWEIT FEHLT ES AM RECHTSBINDUNGSWILLEN DES ANBIETERS<\/span><\/p>\n<p style=\"text-align: left;\"><span style=\"color: #ffffff;\">\u00a7 2 EXTERNE LINKS<\/span><br \/>\n<span style=\"color: #ffffff;\">DIESE WEBSITE ENTH\u00c4LT VERKN\u00dcPFUNGEN ZU WEBSITES DRITTER (&#8220;EXTERNE LINKS&#8221;). DIESE WEBSITES UNTERLIEGEN DER HAFTUNG DER JEWEILIGEN BETREIBER. DER ANBIETER HAT BEI DER ERSTMALIGEN VERKN\u00dcPFUNG DER EXTERNEN LINKS DIE FREMDEN INHALTE DARAUFHIN \u00dcBERPR\u00dcFT, OB ETWAIGE RECHTSVERST\u00d6SSE BESTEHEN. ZU DEM ZEITPUNKT WAREN KEINE RECHTSVERST\u00d6SSE ERSICHTLICH. DER ANBIETER HAT KEINERLEI EINFLUSS AUF DIE AKTUELLE UND ZUK\u00dcNFTIGE GESTALTUNG UND AUF DIE INHALTE DER VERKN\u00dcPFTEN SEITEN. DAS SETZEN VON EXTERNEN LINKS BEDEUTET NICHT, DASS SICH DER ANBIETER DIE HINTER DEM VERWEIS ODER LINK LIEGENDEN INHALTE ZU EIGEN MACHT. EINE ST\u00c4NDIGE KONTROLLE DER EXTERNEN LINKS IST F\u00dcR DEN ANBIETER OHNE KONKRETE HINWEISE AUF RECHTSVERST\u00d6SSE NICHT ZUMUTBAR. BEI KENNTNIS VON RECHTSVERST\u00d6SSEN WERDEN JEDOCH DERARTIGE EXTERNE LINKS UNVERZ\u00dcGLICH GEL\u00d6S<\/span><\/p>\n<p style=\"text-align: left;\"><span style=\"color: #ffffff;\">\u00a7 3 URHEBER- UND LEISTUNGSSCHUTZRECHTE<\/span><br \/>\n<span style=\"color: #ffffff;\">DIE AUF DIESER WEBSITE VER\u00d6FFENTLICHTEN INHALTE UNTERLIEGEN DEM DEUTSCHEN URHEBER- UND LEISTUNGSSCHUTZRECHT. JEDE VOM DEUTSCHEN URHEBER- UND LEISTUNGSSCHUTZRECHT NICHT ZUGELASSENE VERWERTUNG BEDARF DER VORHERIGEN SCHRIFTLICHEN ZUSTIMMUNG DES ANBIETERS ODER JEWEILIGEN RECHTEINHABERS. DIES GILT INSBESONDERE F\u00dcR VERVIELF\u00c4LTIGUNG, BEARBEITUNG, \u00dcBERSETZUNG, EINSPEICHERUNG, VERARBEITUNG BZW. WIEDERGABE VON INHALTEN IN DATENBANKEN ODER ANDEREN ELEKTRONISCHEN MEDIEN UND SYSTEMEN. INHALTE UND RECHTE DRITTER SIND DABEI ALS SOLCHE GEKENNZEICHNET. DIE UNERLAUBTE VERVIELF\u00c4LTIGUNG ODER WEITERGABE EINZELNER INHALTE ODER KOMPLETTER SEITEN IST NICHT GESTATTET UND STRAFBAR. LEDIGLICH DIE HERSTELLUNG VON KOPIEN UND DOWNLOADS F\u00dcR DEN PERS\u00d6NLICHEN, PRIVATEN UND NICHT KOMMERZIELLEN GEBRAUCH IST ERLAUBT.<\/span><\/p>\n<p style=\"text-align: left;\"><span style=\"color: #ffffff;\">DIE DARSTELLUNG DIESER WEBSITE IN FREMDEN FRAMES IST NUR MIT SCHRIFTLICHER ERLAUBNIS ZUL\u00c4SSIG.<\/span><\/p>\n<p style=\"text-align: left;\"><span style=\"color: #ffffff;\">\u00a7 4 BESONDERE NUTZUNGSBEDINGUNGEN<\/span><br \/>\n<span style=\"color: #ffffff;\">SOWEIT BESONDERE BEDINGUNGEN F\u00dcR EINZELNE NUTZUNGEN DIESER WEBSITE VON DEN VORGENANNTEN PARAGRAPHEN ABWEICHEN, WIRD AN ENTSPRECHENDER STELLE AUSDR\u00dcCKLICH DARAUF HINGEWIESEN. IN DIESEM FALLE GELTEN IM JEWEILIGEN EINZELFALL DIE BESONDEREN NUTZUNGSBEDINGUNGEN.<\/span><\/p>\n<p style=\"text-align: left;\"><span style=\"color: #ffffff;\">QUELLE:\u00a0<a style=\"color: #ffffff;\" href=\"https:\/\/www.juraforum.de\/impressum-generator\/\">IMPRESSUM VORLAGE VON JURAFORUM.DE<\/a><\/span><\/p>\n<p>[\/vc_column_text][\/vc_column][\/vc_row]<\/p>\n<\/div>","protected":false},"excerpt":{"rendered":"<p>[vc_row full_width=&#8221;stretch_row_content&#8221; full_height=&#8221;yes&#8221; css=&#8221;.vc_custom_1622061198473{background-color: #000000 !important;}&#8221;][vc_column][vc_column_text] DISCLAIMER \u2013 RECHTLICHE HINWEISE \u00a7 1 WARNHINWEIS ZU INHALTEN DIE KOSTENLOSEN UND FREI ZUG\u00c4NGLICHEN INHALTE DIESER WEBSEITE WURDEN MIT GR\u00d6SSTM\u00d6GLICHER SORGFALT ERSTELLT. DER ANBIETER DIESER WEBSEITE \u00dcBERNIMMT JEDOCH KEINE GEW\u00c4HR F\u00dcR DIE RICHTIGKEIT UND AKTUALIT\u00c4T DER BEREITGESTELLTEN KOSTENLOSEN UND FREI ZUG\u00c4NGLICHEN JOURNALISTISCHEN RATGEBER UND NACHRICHTEN. NAMENTLICH GEKENNZEICHNETE BEITR\u00c4GE GEBEN [&hellip;]<\/p>\n","protected":false},"author":1,"featured_media":0,"parent":0,"menu_order":0,"comment_status":"closed","ping_status":"closed","template":"","meta":{"footnotes":""},"class_list":["post-1753","page","type-page","status-publish","hentry"],"jetpack_sharing_enabled":true,"_links":{"self":[{"href":"https:\/\/leifgottwald.de\/index.php\/wp-json\/wp\/v2\/pages\/1753","targetHints":{"allow":["GET"]}}],"collection":[{"href":"https:\/\/leifgottwald.de\/index.php\/wp-json\/wp\/v2\/pages"}],"about":[{"href":"https:\/\/leifgottwald.de\/index.php\/wp-json\/wp\/v2\/types\/page"}],"author":[{"embeddable":true,"href":"https:\/\/leifgottwald.de\/index.php\/wp-json\/wp\/v2\/users\/1"}],"replies":[{"embeddable":true,"href":"https:\/\/leifgottwald.de\/index.php\/wp-json\/wp\/v2\/comments?post=1753"}],"version-history":[{"count":12,"href":"https:\/\/leifgottwald.de\/index.php\/wp-json\/wp\/v2\/pages\/1753\/revisions"}],"predecessor-version":[{"id":1827,"href":"https:\/\/leifgottwald.de\/index.php\/wp-json\/wp\/v2\/pages\/1753\/revisions\/1827"}],"wp:attachment":[{"href":"https:\/\/leifgottwald.de\/index.php\/wp-json\/wp\/v2\/media?parent=1753"}],"curies":[{"name":"wp","href":"https:\/\/api.w.org\/{rel}","templated":true}]}}